 = -7*v**3 - 10*v**2 - 15*v - 17. Let h(f) = -6*d(f) - 5*s(f). Calculate h(-5).
29
Let g(b) = -b - 12. Suppose -17*j + 0 + 51 = 0. Suppose -v + j*v + 30 = 0. Calculate g(v).
3
Let m = 9500 - 9493. Let c(v) = -6*v + 13. Calculate c(m).
-29
Let x(t) = -117*t + 2111. Let u be x(18). Let j(h) = -h**3 + h**2 + 2*h + 12. What is j(u)?
-78
Let z(m) = -m**3 - 3 - 1 - 5*m + 5*m**2 + 13*m. Let n be 11/(55/1260) + 1*-4. Let c = 254 - n. What is z(c)?
8
Let w(j) = 2*j - 3*j - 46 - 14*j + 20*j - 2*j. What is w(19)?
11
Let k(w) = -w**3 + 5*w**2 + 5*w - 1. Let v be k(6). Let n be -3 - (1/1)/(15/(-45)). Let s(c) = -7 + 1 - 28*c - c**2 + n*c**2 + 21*c. Give s(v).
-6
Let q be ((-1)/(-3))/(4/(-288)*-4). Suppose -v + q*v = 10. Let z(k) = k**2 + 2*k - 5*k + 12 + v*k + 0*k. Give z(0).
12
Let j(s) be the second derivative of -s**6/720 + 7*s**5/120 - s**4/4 + 4*s. Let k(y) be the third derivative of j(y). Suppose -44 = -t - 38. Calculate k(t).
1
Let k be (88/(-55))/((-2)/15). Let g(p) = 35*p + 5 + 3 + k - 6 - 33*p. Calculate g(11).
36
Let m(a) = -50*a + 134. Let t(n) = -41*n + 124. Let z(w) = 5*m(w) - 6*t(w). What is z(-23)?
18
Let r(b) = 14*b**2 + 8*b + 375. Let m(t) = -5*t**2 - 2*t - 133. Let h(y) = 17*m(y) + 6*r(y). Give h(10).
29
Let y(o) be the first derivative of 17*o - 26 + 1/2*o**2. Let g be y(-19). Let a(j) = -2*j**3 - 4*j**2 - 3*j - 2. What is a(g)?
4
Let j(n) be the third derivative of -2 + 33*n**2 + 5/24*n**4 + 2/3*n**3 - 1/30*n**5 + 0*n. Determine j(4).
-8
Let b(c) = 3*c**3 + 24*c**2 + 13*c + 10. Let w be b(-7). Let q(f) = f - 43 + 131 - w. Give q(0).
22
Let y(l) = l**2 - 8*l + 9. Let z(q) be the first derivative of -q**4/4 - 11*q**3/3 + 27*q**2/2 + 21*q - 53. Let m be z(-13). What is y(m)?
9
Suppose -m - 4 = -3*z + 7, -3*m + 32 = 4*z. Suppose z*g - 18 = -g. Let p(h) = -3*h - 1 + 1 - g + 6. Calculate p(4).
-9
Suppose -s - 5 = 5*o - o, -s + 2*o + 7 = 0. Let i(w) be the third derivative of w**5/60 + w**4/24 - w**3/2 + 188*w**2 - 1. What is i(s)?
9
Let o(u) be the second derivative of 0 - 1/2*u**2 - 1/12*u**4 - 1/6*u**3 + 21/20*u**5 + 133*u. Determine o(-1).
-22
Let i(u) = -u**3 - 8*u**2 - 7*u - 4. Let b(z) = -z**2 + 22*z - 40. Let j be b(19). Suppose j*g = -4*g - 147. Calculate i(g).
-4
Let h(j) = 2*j**3 - 606*j**2 + 2*j - 608. Let f be h(303). Let k(q) be the first derivative of -2*q - 5/2*q**2 - 1. Determine k(f).
8
Let f(y) = 7*y + 3. Let k(s) = 15*s + 6. Suppose 1 - 43 = -7*m. Let x(g) = m*k(g) - 13*f(g). Let p be -8 + ((-16)/(-4))/4. What is x(p)?
4
Let p(q) = 263 - 136 - 136 - 17*q**2 + 10*q. Let i(o) = -3*o**2. Let r(m) = -5*i(m) + p(m). Calculate r(6).
-21
Let x be (-1 - 0)*11/11. Let p(q) = 15*q + 20. Give p(x).
5
Let p(t) = 2*t**2 - 12*t - 624. Let q be p(21). Let u(k) = -2*k**2 + 20*k - 49. Give u(q).
-1
Let w(o) = -o**2 + 5*o - 3. Let r(g) = -g**2 + 14*g + 55. Let a be r(-3). Suppose 2*u + 32 = v - 3*u, a*v = -4*u + 8. Determine w(v).
-17
Let a be 5/(-13 - 2)*-9 - 0. Suppose 0 = a*m - 5*m + 4. Let l(c) = 7*c - 3*c**2 + 2*c**2 + c**3 - 5*c - 2. Calculate l(m).
6
Let c(x) = 18*x**3 - 3*x**2 + x + 1. Let r(y) = -98*y - 4800. Let n be r(-49). Calculate c(n).
135
Let g(v) = 14*v + 86. Let w be g(-6). Let m be (((-35)/(-28))/5)/(w/16). Let a(i) = 5*i - 2. Give a(m).
8
Let k(r) be the second derivative of 5*r**3/6 + 4*r**2 + r. Let p = -643 + 686. Suppose 29 = -4*u + 4*n - 5*n, 3*u + 5*n + p = 0. Give k(u).
-22
Let k(h) = -2*h**3 - 25*h**2 + 17*h + 42. Let n be (-58)/261 - ((-69)/6)/(36/(-40)). Calculate k(n).
-10
Suppose 0 = -167*n + 162*n + 60. Let z(i) = n*i + 18 - 1 - 30 - i**2. Determine z(9).
14
Let c(g) = 192*g - 52. Let f(o) = 85*o - 25. Let p(l) = 4*c(l) - 9*f(l). What is p(-3)?
8
Let c(t) = 45*t - 56. Let i be c(18). Suppose -356 = -5*v + i. Let y(w) = -2*w + w - v*w**2 + 223*w**2. Give y(0).
0
Let d(k) = 26*k - 260. Let q be d(11). Let g(h) = -61*h + 17*h + 21*h - 2 + 10 + q*h. Calculate g(-4).
-4
Let r be 2/(-6) - (-70)/21 - 6. Let b(h) = -h**3 - 5*h**2 + 2*h + 22. Calculate b(r).
-2
Let w(s) = 2*s - 9. Let j(c) = -3*c + 17. Let f(z) = j(z) + 2*w(z). Give f(8).
7
Let l(m) = -13*m**2 + 11*m - 38. Let a(q) = 24*q**2 - 21*q + 74. Let o(h) = 6*a(h) + 11*l(h). Let k(c) be the first derivative of o(c). Determine k(-7).
-19
Let r(f) be the third derivative of f**4/12 - 58*f**3/3 + 3970*f**2 - 1. What is r(60)?
4
Let b(j) be the second derivative of j**4/6 - j**3 + 5*j**2/2 + 2*j + 1. Give b(5).
25
Let d(v) = 2*v**2 + 7*v + 2. Let q be d(-4). Let z(w) be the third derivative of w**6/120 - w**5/10 - w**4/8 + w**3 + 74*w**2 + 1. Determine z(q).
-12
Let h(y) be the second derivative of -y**4/12 + 11*y**3/6 + 5*y**2/2 - 1254*y. Give h(9).
23
Let u(c) be the second derivative of -c**5/20 - 11*c**4/12 - 5*c**3/3 + 12*c**2 - 16*c + 118. What is u(-10)?
24
Let h = 2032 - 1118. Suppose -h = -8*p - 882. Let q(n) be the first derivative of -n**4/4 + 4*n**3/3 - 5*n - 1. Calculate q(p).
-5
Let a(p) be the first derivative of -2*p**3/3 + 3*p**2/2 - 3*p - 2025. Suppose 2*n = -2*n + 12. Calculate a(n).
-12
Let g(n) = -17*n + 2*n**3 + 24*n**3 - 59 - 47*n**3 - 38*n + 25*n**2 + 22*n**3. Calculate g(-27).
-32
Let g(i) be the first derivative of -5*i**4/24 - i**3 - 20*i**2 - 58. Let v(c) be the second derivative of g(c). Give v(-6).
24
Suppose -65 + 45 = -4*l. Let q(s) be the third derivative of -s**6/120 + s**5/12 - s**4/8 + 2*s**3/3 - 2*s**2 - 116. Calculate q(l).
-11
Let o(h) = 2*h**2 - 8*h + 56. Let c(d) = -10*d**2 + 40*d - 294. Let v(b) = 3*c(b) + 16*o(b). Determine v(7).
56
Let h(i) = 3*i + 7*i**3 + 0*i - 3 - 4*i**3. Let c(n) = -2*n**3 - 10*n**2 + 17*n + 33. Let d be c(-6). Suppose -d*p = -409 + 403. Give h(p).
27
Let u(n) = -n**3 + 14*n - 24. Let p be u(5). Let x = p + 92. Let q(h) = -h**3 + 13*h**2 + h - 12. What is q(x)?
1
Suppose -5*r = -7 - 3, -3*r = 5*m + 559. Let x = 119 + m. Let h(a) = 0*a - 2 - 2*a + 3*a. Give h(x).
4
Suppose 7*h - 13*h = -18. Suppose l = -0*l + h*g + 6, -3*g = -2*l. Let u(x) = 2*x - 4. Determine u(l).
-16
Suppose 4*v + 19 = 5*v - 3*s, -v - 5*s = -3. Let b(i) = i**3 - 13*i**2 - 11. Determine b(v).
-11
Let u(x) = -x**3 - 7*x**3 + 10*x**3 + 7*x**2 + 3*x + 5 - 3*x**3 - 2*x**2. Determine u(5).
20
Let r(c) be the first derivative of c**3/3 - 6*c**2 + 2*c - 830. What is r(9)?
-25
Let a = 5 + -10. Let m(d) be the first derivative of -d**2/2 + 2*d + 706. Calculate m(a).
7
Suppose -18*i = 8*i - 78. Let r(a) be the third derivative of -a**5/60 + a**4/24 + 2*a**3/3 - 6*a**2. Give r(i).
-2
Let c(j) be the second derivative of j**3/6 + 4*j**2 + 2*j. Let z(h) = -180*h - 1268. Let w be z(-7). What is c(w)?
0
Let i(a) = 7*a - 14. Let q(c) = -19*c + 43. Let d(s) = 8*i(s) + 3*q(s). Let g be d(26). Let j(l) = -l**3 - 10*l**2 - 9*l + 5. Determine j(g).
5
Let s(b) be the first derivative of 13*b**2 + 12*b + 3798. Give s(5).
142
Let g(t) = 3*t**2 + 4*t**3 - 8 - 5 + 12 - 3*t**3 - t + 3*t. Let a(d) = -d**3 + 5*d**2 - 6*d + 6. Let y be a(4). Determine g(y).
-1
Let n(g) = g**2. Let m = 57 + -60. Give n(m).
9
Let u(o) = 9*o**2 + o. Suppose x - 2*m + 0 = -5, -4*x + 4*m = 0. Suppose 11*a + x = 12*a. Suppose 4*c + 9 = a. What is u(c)?
8
Let j(m) be the second derivative of m**5/10 - 31*m**4/12 + 8*m**3/3 - 9*m**2 + 3*m + 22. Let u be j(15). Let q(z) = -z**2 - 4*z - 1. Calculate q(u).
2
Suppose -39*g + 77 + 40 = 0. Suppose 0 = 15*l - g*l + 36. Let s(j) = -j**3 - 5*j**2 - 4*j - 1. What is s(l)?
-7
Let r(t) = 1672*t**3 - 9 + 13 - t**2 - 2*t**2 + 2*t - 1670*t**3 + 1. Calculate r(2).
13
Let g(i) = 18*i + 89. Suppose -f - 2*s = 19, 45*f - 44*f + 40 = -5*s. Calculate g(f).
-1
Let z(u) be the third derivative of u**4/24 + u**3/3 + 5*u**2. Let f(m) = -m**2 + m + 111. Let r be f(-10). Let s be (230/138)/(r/(-3)). What is z(s)?
-3
Suppose 30*b - 1354 - 5996 = 0. Suppose 0 = -46*q + 61 - b. Let k(u) = u**2 + 8*u + 6. What is k(q)?
-10
Suppose 3*h + 2*v - 38 = 0, 2*v - 17 = -h - 3*v. Let y(s) = s - 28. Let k be y(h). Let n = -13 - k. Let z(f) = 6*f - 4. What is z(n)?
14
Let d(t) be the first derivative of t**4/12 - 4*t**3/3 - 7*t**2/2 - 32*t - 26. Let s(u) be the first derivative of d(u). Determine s(8).
-7
Let i(b) = 31*b**2 - 6*b - 22. Let l(q) = -3*q**2 - 21 + 4*q - 5*q + 9*q**2 + 17. Let w(c) = -2*i(c) + 11*l(c). What is w(-2)?
14
Let h(o) be the first derivative of o**